{"id":1292,"date":"2025-02-20T12:38:13","date_gmt":"2025-02-20T11:38:13","guid":{"rendered":"http:\/\/waldchalets-eifelmaar.de\/?page_id=1292"},"modified":"2025-02-20T14:58:36","modified_gmt":"2025-02-20T13:58:36","slug":"elementor-seite-1292","status":"publish","type":"page","link":"https:\/\/waldchalets-eifelmaar.de\/?page_id=1292","title":{"rendered":"Ausflugsziele"},"content":{"rendered":"\t\t<div data-elementor-type=\"wp-page\" data-elementor-id=\"1292\" class=\"elementor elementor-1292\">\n\t\t\t\t<div class=\"elementor-element elementor-element-2378ab8 e-flex e-con-boxed e-con e-parent\" data-id=\"2378ab8\" data-element_type=\"container\" data-settings=\"{&quot;background_background&quot;:&quot;gradient&quot;}\">\n\t\t\t\t\t<div class=\"e-con-inner\">\n\t\t<div class=\"elementor-element elementor-element-14b8088 e-con-full e-flex e-con e-child\" data-id=\"14b8088\" data-element_type=\"container\">\n\t\t\t\t<div class=\"elementor-element elementor-element-3212019 elementor-widget elementor-widget-image-box\" data-id=\"3212019\" data-element_type=\"widget\" data-widget_type=\"image-box.default\">\n\t\t\t\t<div class=\"elementor-widget-container\">\n\t\t\t\t\t<div class=\"elementor-image-box-wrapper\"><div class=\"elementor-image-box-content\"><h2 class=\"elementor-image-box-title\">Ausflugsziele in der N\u00e4he:<\/h2><\/div><\/div>\t\t\t\t<\/div>\n\t\t\t\t<\/div>\n\t\t<div class=\"elementor-element elementor-element-f5c138f e-con-full e-flex e-con e-child\" data-id=\"f5c138f\" data-element_type=\"container\">\n\t\t<div class=\"elementor-element elementor-element-96e8704 e-con-full e-flex e-con e-child\" data-id=\"96e8704\" data-element_type=\"container\">\n\t\t\t\t<div class=\"elementor-element elementor-element-21dbdca elementor-widget elementor-widget-image\" data-id=\"21dbdca\" data-element_type=\"widget\" data-widget_type=\"image.default\">\n\t\t\t\t<div class=\"elementor-widget-container\">\n\t\t\t\t\t\t\t\t\t\t\t\t\t\t\t<img fetchpriority=\"high\" decoding=\"async\" width=\"2500\" height=\"1446\" src=\"https:\/\/waldchalets-eifelmaar.de\/wp-content\/uploads\/2025\/02\/3ab1b4a4-a7f0-7b08-14ef-9fbc852e435a.jpeg\" class=\"attachment-full size-full wp-image-1071\" alt=\"\" srcset=\"https:\/\/waldchalets-eifelmaar.de\/wp-content\/uploads\/2025\/02\/3ab1b4a4-a7f0-7b08-14ef-9fbc852e435a.jpeg 2500w, https:\/\/waldchalets-eifelmaar.de\/wp-content\/uploads\/2025\/02\/3ab1b4a4-a7f0-7b08-14ef-9fbc852e435a-300x174.jpeg 300w, https:\/\/waldchalets-eifelmaar.de\/wp-content\/uploads\/2025\/02\/3ab1b4a4-a7f0-7b08-14ef-9fbc852e435a-1024x592.jpeg 1024w, https:\/\/waldchalets-eifelmaar.de\/wp-content\/uploads\/2025\/02\/3ab1b4a4-a7f0-7b08-14ef-9fbc852e435a-768x444.jpeg 768w, https:\/\/waldchalets-eifelmaar.de\/wp-content\/uploads\/2025\/02\/3ab1b4a4-a7f0-7b08-14ef-9fbc852e435a-1536x888.jpeg 1536w, https:\/\/waldchalets-eifelmaar.de\/wp-content\/uploads\/2025\/02\/3ab1b4a4-a7f0-7b08-14ef-9fbc852e435a-2048x1185.jpeg 2048w\" sizes=\"(max-width: 2500px) 100vw, 2500px\" \/>\t\t\t\t\t\t\t\t\t\t\t\t\t\t\t<\/div>\n\t\t\t\t<\/div>\n\t\t\t\t<div class=\"elementor-element elementor-element-e36fde5 elementor-widget__width-inherit elementor-widget elementor-widget-image\" data-id=\"e36fde5\" data-element_type=\"widget\" data-widget_type=\"image.default\">\n\t\t\t\t<div class=\"elementor-widget-container\">\n\t\t\t\t\t\t\t\t\t\t\t\t\t\t\t<img decoding=\"async\" width=\"300\" height=\"200\" src=\"https:\/\/waldchalets-eifelmaar.de\/wp-content\/uploads\/2025\/02\/Wierschem_Burg_Eltz_2012-08_CN-01.jpg\" class=\"attachment-full size-full wp-image-1069\" alt=\"\" \/>\t\t\t\t\t\t\t\t\t\t\t\t\t\t\t<\/div>\n\t\t\t\t<\/div>\n\t\t\t\t<div class=\"elementor-element elementor-element-32cac83 elementor-widget__width-inherit elementor-widget elementor-widget-image\" data-id=\"32cac83\" data-element_type=\"widget\" data-widget_type=\"image.default\">\n\t\t\t\t<div class=\"elementor-widget-container\">\n\t\t\t\t\t\t\t\t\t\t\t\t\t\t\t<img decoding=\"async\" width=\"1748\" height=\"1153\" src=\"https:\/\/waldchalets-eifelmaar.de\/wp-content\/uploads\/2025\/02\/Koblenz.png\" class=\"attachment-full size-full wp-image-1073\" alt=\"\" srcset=\"https:\/\/waldchalets-eifelmaar.de\/wp-content\/uploads\/2025\/02\/Koblenz.png 1748w, https:\/\/waldchalets-eifelmaar.de\/wp-content\/uploads\/2025\/02\/Koblenz-300x198.png 300w, https:\/\/waldchalets-eifelmaar.de\/wp-content\/uploads\/2025\/02\/Koblenz-1024x675.png 1024w, https:\/\/waldchalets-eifelmaar.de\/wp-content\/uploads\/2025\/02\/Koblenz-768x507.png 768w, https:\/\/waldchalets-eifelmaar.de\/wp-content\/uploads\/2025\/02\/Koblenz-1536x1013.png 1536w\" sizes=\"(max-width: 1748px) 100vw, 1748px\" \/>\t\t\t\t\t\t\t\t\t\t\t\t\t\t\t<\/div>\n\t\t\t\t<\/div>\n\t\t\t\t<\/div>\n\t\t<div class=\"elementor-element elementor-element-829f04a e-con-full e-flex e-con e-child\" data-id=\"829f04a\" data-element_type=\"container\">\n\t\t\t\t<div class=\"elementor-element elementor-element-363a1ac elementor-widget elementor-widget-text-editor\" data-id=\"363a1ac\" data-element_type=\"widget\" data-widget_type=\"text-editor.default\">\n\t\t\t\t<div class=\"elementor-widget-container\">\n\t\t\t\t\t\t\t\t\t<p>Besuchen Sie den Nationalpark Eifel, den UNESCO-Geopark oder einen der vielen anderen Naturparks mit ihren Natursch\u00e4tzen und Traumpfaden.<\/p>\t\t\t\t\t\t\t\t<\/div>\n\t\t\t\t<\/div>\n\t\t\t\t<div class=\"elementor-element elementor-element-fceeeed elementor-widget elementor-widget-text-editor\" data-id=\"fceeeed\" data-element_type=\"widget\" data-widget_type=\"text-editor.default\">\n\t\t\t\t<div class=\"elementor-widget-container\">\n\t\t\t\t\t\t\t\t\t<p>In der Vulkaneifel gibt es viele Burgen wie die Manderscheider Burgen, Burg Elz, Burg Cochem, Schloss B\u00fcrresheim und viele weitere die sie besichtigen k\u00f6nnen.<\/p>\t\t\t\t\t\t\t\t<\/div>\n\t\t\t\t<\/div>\n\t\t\t\t<div class=\"elementor-element elementor-element-6a0a36a elementor-widget elementor-widget-text-editor\" data-id=\"6a0a36a\" data-element_type=\"widget\" data-widget_type=\"text-editor.default\">\n\t\t\t\t<div class=\"elementor-widget-container\">\n\t\t\t\t\t\t\t\t\t<p>Viele interessante St\u00e4dte und D\u00f6rfer wie z.B. Daun, Cochem, Mayen, Trier und Koblenz sind zu entdecken oder laden auch zum Shoppen ein.<\/p><div>\u00a0<\/div>\t\t\t\t\t\t\t\t<\/div>\n\t\t\t\t<\/div>\n\t\t\t\t<\/div>\n\t\t\t\t<\/div>\n\t\t<div class=\"elementor-element elementor-element-d810768 e-con-full e-flex e-con e-child\" data-id=\"d810768\" data-element_type=\"container\">\n\t\t<div class=\"elementor-element elementor-element-e0055bf e-con-full e-flex e-con e-child\" data-id=\"e0055bf\" data-element_type=\"container\">\n\t\t\t\t<div class=\"elementor-element elementor-element-45b9203 elementor-widget elementor-widget-image\" data-id=\"45b9203\" data-element_type=\"widget\" data-widget_type=\"image.default\">\n\t\t\t\t<div class=\"elementor-widget-container\">\n\t\t\t\t\t\t\t\t\t\t\t\t\t\t\t<img loading=\"lazy\" decoding=\"async\" width=\"450\" height=\"300\" src=\"https:\/\/waldchalets-eifelmaar.de\/wp-content\/uploads\/2025\/02\/Roompot-Ferienresort-Cochem-Mosel_174.jpg\" class=\"attachment-full size-full wp-image-1072\" alt=\"\" srcset=\"https:\/\/waldchalets-eifelmaar.de\/wp-content\/uploads\/2025\/02\/Roompot-Ferienresort-Cochem-Mosel_174.jpg 450w, https:\/\/waldchalets-eifelmaar.de\/wp-content\/uploads\/2025\/02\/Roompot-Ferienresort-Cochem-Mosel_174-300x200.jpg 300w\" sizes=\"(max-width: 450px) 100vw, 450px\" \/>\t\t\t\t\t\t\t\t\t\t\t\t\t\t\t<\/div>\n\t\t\t\t<\/div>\n\t\t\t\t<div class=\"elementor-element elementor-element-5af5b7b elementor-widget elementor-widget-image\" data-id=\"5af5b7b\" data-element_type=\"widget\" data-widget_type=\"image.default\">\n\t\t\t\t<div class=\"elementor-widget-container\">\n\t\t\t\t\t\t\t\t\t\t\t\t\t\t\t<img loading=\"lazy\" decoding=\"async\" width=\"482\" height=\"461\" src=\"https:\/\/waldchalets-eifelmaar.de\/wp-content\/uploads\/2025\/02\/151100901035.png\" class=\"attachment-full size-full wp-image-1077\" alt=\"\" srcset=\"https:\/\/waldchalets-eifelmaar.de\/wp-content\/uploads\/2025\/02\/151100901035.png 482w, https:\/\/waldchalets-eifelmaar.de\/wp-content\/uploads\/2025\/02\/151100901035-300x287.png 300w\" sizes=\"(max-width: 482px) 100vw, 482px\" \/>\t\t\t\t\t\t\t\t\t\t\t\t\t\t\t<\/div>\n\t\t\t\t<\/div>\n\t\t\t\t<div class=\"elementor-element elementor-element-3faeca2 elementor-widget elementor-widget-image\" data-id=\"3faeca2\" data-element_type=\"widget\" data-widget_type=\"image.default\">\n\t\t\t\t<div class=\"elementor-widget-container\">\n\t\t\t\t\t\t\t\t\t\t\t\t\t\t\t<img loading=\"lazy\" decoding=\"async\" width=\"1271\" height=\"1517\" src=\"https:\/\/waldchalets-eifelmaar.de\/wp-content\/uploads\/2025\/02\/LAV_logo_web.jpg\" class=\"attachment-full size-full wp-image-1081\" alt=\"\" srcset=\"https:\/\/waldchalets-eifelmaar.de\/wp-content\/uploads\/2025\/02\/LAV_logo_web.jpg 1271w, https:\/\/waldchalets-eifelmaar.de\/wp-content\/uploads\/2025\/02\/LAV_logo_web-251x300.jpg 251w, https:\/\/waldchalets-eifelmaar.de\/wp-content\/uploads\/2025\/02\/LAV_logo_web-858x1024.jpg 858w, https:\/\/waldchalets-eifelmaar.de\/wp-content\/uploads\/2025\/02\/LAV_logo_web-768x917.jpg 768w\" sizes=\"(max-width: 1271px) 100vw, 1271px\" \/>\t\t\t\t\t\t\t\t\t\t\t\t\t\t\t<\/div>\n\t\t\t\t<\/div>\n\t\t\t\t<\/div>\n\t\t<div class=\"elementor-element elementor-element-84cb084 e-con-full e-flex e-con e-child\" data-id=\"84cb084\" data-element_type=\"container\">\n\t\t\t\t<div class=\"elementor-element elementor-element-2c5e4c6 elementor-widget elementor-widget-text-editor\" data-id=\"2c5e4c6\" data-element_type=\"widget\" data-widget_type=\"text-editor.default\">\n\t\t\t\t<div class=\"elementor-widget-container\">\n\t\t\t\t\t\t\t\t\t<p>Genie\u00dfen Sie bei einem Glas Wein das Mosel- oder Ahrtal mit ihren traumhaften Weind\u00f6rfern oder\u00a0Besuchen Sie die Bier-Stadt Bitburg mit einer Brauereibesichtigung.<\/p>\t\t\t\t\t\t\t\t<\/div>\n\t\t\t\t<\/div>\n\t\t\t\t<div class=\"elementor-element elementor-element-cc4480b elementor-widget elementor-widget-text-editor\" data-id=\"cc4480b\" data-element_type=\"widget\" data-widget_type=\"text-editor.default\">\n\t\t\t\t<div class=\"elementor-widget-container\">\n\t\t\t\t\t\t\t\t\t<p>Entdecken Sie die Faszination Motorsport in der Gr\u00fcnen H\u00f6lle des N\u00fcrburgrings. Oder erfahren sie den Nervenkitzel mit einer Runde in dem Renn-Taxi auf der Nord-Schleife<\/p>\t\t\t\t\t\t\t\t<\/div>\n\t\t\t\t<\/div>\n\t\t\t\t<div class=\"elementor-element elementor-element-d9dd6b4 elementor-widget elementor-widget-text-editor\" data-id=\"d9dd6b4\" data-element_type=\"widget\" data-widget_type=\"text-editor.default\">\n\t\t\t\t<div class=\"elementor-widget-container\">\n\t\t\t\t\t\t\t\t\t<p>Erfahren Sie alles \u00fcber die Entstehung der Vulkane in der Eifel in Mendig. Erleben Sie eine Interaktive Ausstellung mit simulierten Vulkanausbr\u00fcchen. Besuchen Sie den ca. 3 km\u00b2 gro\u00dfen Lavakeller mit seinen beeindruckenden Formationen aus Lavagestein. Danach k\u00f6nnen Sie in der Vulkanbrauerei eines der k\u00f6stlichsten Biere Deutschlands genie\u00dfen.<\/p>\t\t\t\t\t\t\t\t<\/div>\n\t\t\t\t<\/div>\n\t\t\t\t<\/div>\n\t\t\t\t<\/div>\n\t\t\t\t<\/div>\n\t\t\t\t\t<\/div>\n\t\t\t\t<\/div>\n\t\t\t\t<\/div>\n\t\t","protected":false},"excerpt":{"rendered":"<p>Ausflugsziele in der N\u00e4he: Besuchen Sie den Nationalpark Eifel, den UNESCO-Geopark oder einen der vielen anderen Naturparks mit ihren Natursch\u00e4tzen und Traumpfaden. In der Vulkaneifel gibt es viele Burgen wie die Manderscheider Burgen, Burg Elz, Burg Cochem, Schloss B\u00fcrresheim und viele weitere die sie besichtigen k\u00f6nnen. Viele interessante St\u00e4dte und D\u00f6rfer wie z.B. Daun, Cochem, [&hellip;]<\/p>\n","protected":false},"author":1,"featured_media":0,"parent":0,"menu_order":0,"comment_status":"closed","ping_status":"closed","template":"","meta":{"site-sidebar-layout":"no-sidebar","site-content-layout":"page-builder","ast-site-content-layout":"full-width-container","site-content-style":"default","site-sidebar-style":"default","ast-global-header-display":"","ast-banner-title-visibility":"","ast-main-header-display":"","ast-hfb-above-header-display":"","ast-hfb-below-header-display":"","ast-hfb-mobile-header-display":"","site-post-title":"disabled","ast-breadcrumbs-content":"","ast-featured-img":"disabled","footer-sml-layout":"","theme-transparent-header-meta":"","adv-header-id-meta":"","stick-header-meta":"","header-above-stick-meta":"","header-main-stick-meta":"","header-below-stick-meta":"","astra-migrate-meta-layouts":"default","ast-page-background-enabled":"default","ast-page-background-meta":{"desktop":{"background-color":"","background-image":"","background-repeat":"repeat","background-position":"center center","background-size":"auto","background-attachment":"scroll","background-type":"","background-media":"","overlay-type":"","overlay-color":"","overlay-opacity":"","overlay-gradient":""},"tablet":{"background-color":"","background-image":"","background-repeat":"repeat","background-position":"center center","background-size":"auto","background-attachment":"scroll","background-type":"","background-media":"","overlay-type":"","overlay-color":"","overlay-opacity":"","overlay-gradient":""},"mobile":{"background-color":"","background-image":"","background-repeat":"repeat","background-position":"center center","background-size":"auto","background-attachment":"scroll","background-type":"","background-media":"","overlay-type":"","overlay-color":"","overlay-opacity":"","overlay-gradient":""}},"ast-content-background-meta":{"desktop":{"background-color":"var(--ast-global-color-5)","background-image":"","background-repeat":"repeat","background-position":"center center","background-size":"auto","background-attachment":"scroll","background-type":"","background-media":"","overlay-type":"","overlay-color":"","overlay-opacity":"","overlay-gradient":""},"tablet":{"background-color":"var(--ast-global-color-5)","background-image":"","background-repeat":"repeat","background-position":"center center","background-size":"auto","background-attachment":"scroll","background-type":"","background-media":"","overlay-type":"","overlay-color":"","overlay-opacity":"","overlay-gradient":""},"mobile":{"background-color":"var(--ast-global-color-5)","background-image":"","background-repeat":"repeat","background-position":"center center","background-size":"auto","background-attachment":"scroll","background-type":"","background-media":"","overlay-type":"","overlay-color":"","overlay-opacity":"","overlay-gradient":""}},"footnotes":""},"class_list":["post-1292","page","type-page","status-publish","hentry"],"_links":{"self":[{"href":"https:\/\/waldchalets-eifelmaar.de\/index.php?rest_route=\/wp\/v2\/pages\/1292","targetHints":{"allow":["GET"]}}],"collection":[{"href":"https:\/\/waldchalets-eifelmaar.de\/index.php?rest_route=\/wp\/v2\/pages"}],"about":[{"href":"https:\/\/waldchalets-eifelmaar.de\/index.php?rest_route=\/wp\/v2\/types\/page"}],"author":[{"embeddable":true,"href":"https:\/\/waldchalets-eifelmaar.de\/index.php?rest_route=\/wp\/v2\/users\/1"}],"replies":[{"embeddable":true,"href":"https:\/\/waldchalets-eifelmaar.de\/index.php?rest_route=%2Fwp%2Fv2%2Fcomments&post=1292"}],"version-history":[{"count":19,"href":"https:\/\/waldchalets-eifelmaar.de\/index.php?rest_route=\/wp\/v2\/pages\/1292\/revisions"}],"predecessor-version":[{"id":1354,"href":"https:\/\/waldchalets-eifelmaar.de\/index.php?rest_route=\/wp\/v2\/pages\/1292\/revisions\/1354"}],"wp:attachment":[{"href":"https:\/\/waldchalets-eifelmaar.de\/index.php?rest_route=%2Fwp%2Fv2%2Fmedia&parent=1292"}],"curies":[{"name":"wp","href":"https:\/\/api.w.org\/{rel}","templated":true}]}}